site?
True
Is 75414011 a composite number?
False
Is 1293626119 prime?
True
Is 8864662693 a prime number?
True
Is 3333726847 composite?
True
Is 40798201 a prime number?
False
Is 11044349 prime?
True
Is 9755651363 a prime number?
True
Is 657918101 prime?
True
Is 1625587699 prime?
True
Is 7959569 a prime number?
False
Is 30936043651 a prime number?
False
Is 44122205531 prime?
False
Is 8256156443 a composite number?
False
Is 512513489 a prime number?
False
Is 71118465037 prime?
True
Is 34326912121 composite?
False
Is 9072607429 composite?
True
Is 519847751 composite?
False
Is 15276331783 a prime number?
True
Is 7669421549 a prime number?
False
Is 36974110535 prime?
False
Is 71368986287 prime?
True
Is 782615921 composite?
False
Is 22934453 composite?
False
Is 18203095291 prime?
True
Is 104874689 composite?
True
Is 55685980871 a prime number?
True
Is 2307745081 prime?
True
Is 1612698079 a prime number?
True
Is 3604979207 prime?
False
Is 238430371 prime?
True
Is 3746421361 composite?
True
Is 62710115159 prime?
True
Is 152281192351 prime?
False
Is 2605308917 composite?
False
Is 1017734581 composite?
False
Is 4939852109 a prime number?
True
Is 12909418891 composite?
False
Is 222809773 a prime number?
False
Is 13431101941 composite?
False
Is 7906286939 a composite number?
True
Is 483349751 a composite number?
False
Is 333439247 composite?
True
Is 1743512387 a prime number?
True
Is 26728831 a composite number?
False
Is 279233077 composite?
False
Is 4477377529 a composite number?
False
Is 3898910027 a composite number?
False
Is 17840597501 a prime number?
True
Is 1102064639 a composite number?
True
Is 5132318881 a prime number?
True
Is 680097863 a prime number?
True
Is 21194161199 a composite number?
True
Is 73090600885 a prime number?
False
Is 36707673335 composite?
True
Is 11483924714 a prime number?
False
Is 9017692345 prime?
False
Is 164744693 a composite number?
True
Is 716782009 a composite number?
True
Is 2148059681 composite?
False
Is 375150593 a prime number?
True
Is 25694881 prime?
True
Is 92307118141 a prime number?
False
Is 10781121737 composite?
False
Is 2156473045 a composite number?
True
Is 9887753357 a prime number?
False
Is 1583026237 a composite number?
True
Is 6452637 a composite number?
True
Is 1234881283 prime?
True
Is 1774246541 a composite number?
False
Is 10330547027 prime?
True
Is 5516389063 composite?
True
Is 8619924557 composite?
False
Is 2701941401 a prime number?
True
Is 8528606587 a composite number?
False
Is 5801183363 a prime number?
False
Is 40810458671 prime?
True
Is 4259112911 a prime number?
False
Is 5273868553 a prime number?
True
Is 72079057 prime?
True
Is 12501846607 composite?
False
Is 15727674601 a composite number?
False
Is 55227804707 a prime number?
False
Is 6185446937 prime?
True
Is 190002083 prime?
True
Is 44549388017 a composite number?
False
Is 10020052307 composite?
False
Is 18372840929 a composite number?
False
Is 31276276363 composite?
True
Is 1338386173 a composite number?
False
Is 2276724291 a prime number?
False
Is 472247441 prime?
True
Is 8038918931 prime?
False
Is 198471521 composite?
False
Is 5694272261 a composite number?
False
Is 113135347009 a prime number?
False
Is 50326939 prime?
False
Is 1735024561 composite?
True
Is 10900290359 a prime number?
False
Is 713636411 a composite number?
False
Is 1872565781 a composite number?
True
Is 1338595187 prime?
False
Is 24570438371 composite?
True
Is 33667805387 prime?
True
Is 10728793063 composite?
True
Is 6636716249 a composite number?
False
Is 56777081005 composite?
True
Is 48236479187 prime?
False
Is 640728191 composite?
False
Is 1396196889 a composite number?
True
Is 36796820213 prime?
True
Is 3962244607 prime?
True
Is 25358175461 prime?
False
Is 2394648221 prime?
False
Is 666946853 prime?
True
Is 23653899389 composite?
True
Is 6485572483 a prime number?
False
Is 2200826503 a prime number?
False
Is 8575852069 a composite number?
True
Is 1024311031 prime?
True
Is 1744971821 a composite number?
True
Is 657934691 a prime number?
False
Is 191630729 a composite number?
True
Is 77593303927 prime?
True
Is 1045926361 composite?
True
Is 45027659483 composite?
False
Is 39999097 composite?
False
Is 3418008662 prime?
False
Is 5948256403 composite?
False
Is 15364079 composite?
True
Is 985928087 prime?
False
Is 85598993 a composite number?
True
Is 12187600823 a composite number?
False
Is 180358237 prime?
False
Is 1255713071 prime?
True
Is 3508347607 a prime number?
True
Is 200011511369 a prime number?
False
Is 37234644761 composite?
True
Is 7513204007 composite?
True
Is 62718834869 prime?
True
Is 1016183657 a prime number?
True
Is 303817193 prime?
True
Is 8908944433 composite?
True
Is 265281899323 prime?
False
Is 73736765365 a prime number?
False
Is 738716831 a prime number?
True
Is 12152009011 a composite number?
False
Is 2693695813 a prime number?
True
Is 5911544131 a prime number?
False
Is 882997763 a prime number?
False
Is 23029354501 a prime number?
True
Is 18698539919 a prime number?
True
Is 72794630797 a prime number?
False
Is 1044282238 a composite number?
True
Is 20170925039 a prime number?
True
Is 10227935677 composite?
False
Is 33706789 a prime number?
True
Is 47491373467 a prime number?
True
Is 2993021777 composite?
True
Is 8743048309 prime?
True
Is 13707553763 a composite number?
True
Is 97815991793 a composite number?
True
Is 3479770087 composite?
False
Is 29036038073 a composite number?
True
Is 112855121 a composite number?
True
Is 87666769 prime?
False
Is 43583653 prime?
False
Is 3679670363 prime?
True
Is 173483369 prime?
True
Is 270533383 prime?
False
Is 4280879809 a composite number?
True
Is 1082196623 composite?
True
Is 2653762973 prime?
True
Is 6393667279 a composite number?
True
Is 1799419189 composite?
False
Is 740087659 a composite number?
False
Is 3801863803 a composite number?
False
Is 340482173 a composite number?
False
Is 6321392159 a composite number?
False
Is 24531855503 composite?
True
Is 492670463 a composite number?
False
Is 1321291887 a prime number?
False
Is 877815377 a prime number?
True
Is 930754109 a prime number?
False
Is 406195715 a composite number?
True
Is 2742937401 a prime number?
False
Is 1517565089 composite?
True
Is 32154709331 a composite number?
True
Is 34896303881 a prime number?
True
Is 59933758831 a composite number?
True
Is 486326249 a prime number?
False
Is 42170774003 a composite number?
False
Is 1851752983 composite?
False
Is 13045295189 prime?
True
Is 157925513201 composite?
False
Is 3363576329 a prime number?
True
Is 31076533227 prime?
False
Is 34175030933 a prime number?
False
Is 13520231 a composite number?
False
Is 245200667 a prime number?
False
Is 2134438841 a prime number?
False
Is 315937231 prime?
False
Is 147705073 prime?
False
Is 2435022259 prime?
False
Is 4785003611 a prime number?
False
Is 8161423667 a prime number?
True
Is 874344971 composite?
False
Is 5162603557 a prime number?
False
Is 20962963033 a composite number?
False
Is 1440537209 prime?
True
Is 322080547 prime?
False
Is 9454675777 prime?
False
Is 372673933 a composite number?
False
Is 740463077 prime?
True
Is 219021623 a prime number?
True
Is 251123762473 prime?
False
Is 5575321151 a prime number?
False
Is 6267211835 a prime number?
False
Is 4854798031 a composite number?
True
Is 184550291 a prime number?
False
Is 21657289 a composite number?
False
Is 190195217 prime?
False
Is 1255407869 a prime number?
True
Is 51310246027 composite?
False
Is 2590490893 a prime number?
True
Is 2651960221 composite?
False
Is 719647739 a prime number?
True
Is 59502223 a composite number?
True
Is 1882255559 prime?
False
Is 48748201823 composite?
False
Is 18922209677 a composite number?
True
Is 640634023 prime?
True
Is 83563897553 prime?
True
Is 1255991279 a composite number?
False
Is 11030078713 a composite number?
True
Is 28666491937 composite?
False
Is 3406240697 a prime number?
True
Is 5240410753 composite?
True
Is 54050432507 prime?
True
Is 12553723733 prime?
True
Is 2322482413 a prime number?
True
Is 19762034927 composite?
False
Is 35898675119 composite?
False
Is 2619490481 composite?
False
Is 125321621 composite?
True
Is 118968147451 a composite number?
False
Is 652374406 prime?
False
Is 1742686553 a prime number?
True
Is 22679881403 a composite nu